?
3, 5, 13
Let y = 23549 - 16214. List the prime factors of y.
3, 5, 163
Let z = 667 + -259. Let t = z + -142. What are the prime factors of t?
2, 7, 19
Suppose -36 = -31*k + 615. What are the prime factors of (-3 - (-10)/3) + 18326/k?
3, 97
Let f(m) be the first derivative of 7*m**3/3 - 9*m - 3. Suppose 63 - 12 = 17*v. What are the prime factors of f(v)?
2, 3
Let w(q) = q**2 - 11*q + 12. Let j be w(10). Suppose -p = -o + 191, 2*o + 5*p - 800 = -j*o. What are the prime factors of o?
3, 5, 13
Suppose -2*b + 9 = 7*b. List the prime factors of 101 - -2*(b + 0).
103
Suppose -2344095 = -182*g + 2279797. What are the prime factors of g?
2, 12703
Suppose f - 6 = -4. Suppose -2*k - 14 = -2*q, 4*q + 8 = -7*k + f*k. What are the prime factors of 2457/18 - (1 + q/(-2))?
137
Let c be ((-75823)/(-66))/(-1) + 1/(-6). Let a = c + 1721. What are the prime factors of a?
2, 11, 13
Suppose -4 = i - 0*i + 3*r, 5*i - 5*r - 40 = 0. Let h = -10 - i. Let v = h - -63. What are the prime factors of v?
2, 3
Let f be (-1)/(-2*1/62). Let x = 59 - f. Suppose a - x = 44. What are the prime factors of a?
2, 3
Suppose t = -5*g + 23, -5*t = 3*g - 3*t - 11. What are the prime factors of (2 + (38 - g))/((-4)/(-28))?
5, 7
Let p(n) be the third derivative of n**4/4 + 11*n**3/6 + 2*n**2. Suppose -10*g = 33*g - 559. What are the prime factors of p(g)?
89
Let a be (-2)/(-6)*3*1. Let k(m) = m**3 + 6*m**2 + 2*m - 17. Let u be k(-5). List the prime factors of u/(a + (-275)/265).
53
Let t = 340 - -189. Let k = 57 + t. Suppose -3*c - 3*f + k = 2*c, 2*c - 228 = 2*f. What are the prime factors of c?
2, 29
Let k = 194 + 1. Suppose 0 = 83*q + 1151 + 3829. Let x = k + q. List the prime factors of x.
3, 5
Let o be (-3 + 2 - 453) + 2. Let y = o - -924. What are the prime factors of 6/(-9)*1 - y/(-6)?
2, 3, 13
Suppose 4*o + 2*l + 116 = 7*o, -l = 3*o - 104. Let g be (352/o - 3) + 2/9. Suppose g*d - 5*d - 288 = 0. List the prime factors of d.
2, 3
Suppose 3*d + 1498 = 2*y, 2*y = -0*y + 2*d + 1494. Let g = -13003 + 13486. Let w = y - g. What are the prime factors of w?
2, 5, 13
Suppose -3*n = 3*o - 123, o + 12*n = 8*n + 56. What are the prime factors of 7065/o - 1/4?
2, 7
Let b(u) = -825*u + 75. What are the prime factors of b(-11)?
2, 3, 5, 61
Let b be ((-20)/7 - -2)/(44/(-154)). Let z be 3 + -5 - -1*530. Suppose -3*c = b*c - z. What are the prime factors of c?
2, 11
Let v = 33 + 9. What are the prime factors of 2355/9 + 14/v?
2, 131
Let u be (1 + -8)*(-2)/2. List the prime factors of (-5*(10 + u))/(1/(-3)).
3, 5, 17
Suppose 16 = p + 8. Suppose -2*q - 14 + p = 0. Let k = q - -102. What are the prime factors of k?
3, 11
Let c(s) = 27*s - 96. Suppose 3*w - 8 = -x + 4*w, -2*x - 2*w = -4. List the prime factors of c(x).
3, 13
Let b(q) = 450*q**2 - 9*q + 7. List the prime factors of b(5).
2, 2803
Let a(q) = 207*q**2 + 6*q + 6. Let c be a(-2). List the prime factors of 4/((-24)/c)*-4.
2, 137
Suppose -5*n - 50 = -5*d, 5*d = -0*d - 5*n + 40. Suppose d*b = 34 - 7. Suppose 4*u = -5*s + 1501, b*u = 4*s - 431 - 776. List the prime factors of s.
7, 43
Suppose -41*g = -263533 - 309819 + 131413. List the prime factors of g.
3, 3593
Let r be 1004/72*4 + (-8)/(-36). Let y = -15 + r. Let t = y - 38. List the prime factors of t.
3
Let m(f) = -4*f**2 - 146*f + 12. What are the prime factors of m(-9)?
2, 3, 167
Suppose -775*w = -777*w + y + 8598, -y + 2 = 0. List the prime factors of w.
2, 5, 43
Let j(t) = -t**2 + 21*t - 24. Let o = -162 - -175. What are the prime factors of j(o)?
2, 5
Let g be (-2)/7 + (-11137)/(-49). Let w = 70 + -60. Suppose 153 = w*p - g. List the prime factors of p.
2, 19
Let h = 52 - 49. Suppose 2*n - n = -h*i - 149, 0 = -4*n - 2*i - 626. Let s = n + 232. What are the prime factors of s?
2, 37
Let q be 14/2 + -3 + -7 - -69. Suppose -4*s + 6 = -d, 0*d - 4*d = -8. Suppose 300 = s*p + q. List the prime factors of p.
3, 13
Suppose 4*s - t - 90 = 0, t = 10*s - 12*s + 48. Suppose -s*g = -19*g - 1816. What are the prime factors of g?
2, 227
Suppose 0 = 95*d - 138*d + 210184. What are the prime factors of d?
2, 13, 47
Let x be (-2 - (-48 - 2)) + (1 - -2). Let a = x + -51. Suppose 3*q + n + 138 = 4*q, a = 4*q + 5*n - 507. List the prime factors of q.
7, 19
Let z = -15429 + 26605. List the prime factors of z.
2, 11, 127
What are the prime factors of -19 + 209/11 - (-18413 + -2 + 3)?
2, 4603
Let n(b) = -b**2 + 5*b - 1. Let m be n(2). Suppose -52 = -3*l - 0*z - 2*z, -m*z + 25 = 0. Let d(o) = -2*o**2 + 34*o - 1. List the prime factors of d(l).
83
Let r = -11048 - -37155. List the prime factors of r.
26107
Suppose -16257*v = -16205*v - 4186676. List the prime factors of v.
80513
Let b(a) = -2409*a - 598. List the prime factors of b(-11).
59, 439
Let i be (-1)/(4/(-5) - -1). Let x be i/(-20) + 1639/4. Suppose -5*c = 5*b - x, 563 = 4*b - 2*c + 211. What are the prime factors of b?
2, 43
Suppose -4*w + 6*l = -83060, 0 = 3*w + l - 94852 + 32568. List the prime factors of w.
2, 7, 1483
Let u be 54/8 + ((-78)/(-24) - 4). Let h(r) = r**2 + 9*r - 8. Let s be h(u). Suppose -y - y = -s. List the prime factors of y.
41
Let g = 1057 + -148. Suppose 3*f = t - 360, -5*f - g = -t - 309. Let o = -24 - f. What are the prime factors of o?
2, 3
Let w be 1 + 2 + (-3 - (-1 + -18)). Let s = -15 + w. List the prime factors of 114*s*(-3)/(-12).
2, 3, 19
List the prime factors of (50/(-8) + (-9)/(-12))/((-5)/6910).
11, 691
Suppose -6955011 = -211*z - 1264130. What are the prime factors of z?
7, 3853
What are the prime factors of ((-10094)/(-392))/((-3 + 2)/(-244))?
61, 103
Suppose -4*c + l = -4*l - 380, 475 = 5*c - l. Suppose c*h - 96*h + 5 = 0. Suppose -3*u + 294 = 3*b, -h*u - 128 = -4*b + 273. What are the prime factors of b?
3, 11
Suppose 2*n + 40 + 32 = -3*i, -2*n + 120 = -5*i. Let y = i - -27. Suppose -90 - 180 = -y*w. What are the prime factors of w?
2, 3, 5
Let j(g) = -6*g**2 + 1017*g - 599. What are the prime factors of j(137)?
2, 6529
Suppose 3*a = 21*a - 122040. Suppose -7000 = -20*s + a. What are the prime factors of s?
13, 53
Suppose 0 = -59*c + 617068 - 198463. What are the prime factors of c?
3, 5, 11, 43
Suppose 11*z = 7*z - 33*z + 170496. What are the prime factors of z?
2, 3
Let x(r) = -3*r**2 - 13*r + 12. Let g be x(-5). Suppose -2*w + 336 = g*b, -51*b - w = -53*b + 342. List the prime factors of b.
2, 5, 17
Let t(h) = -4*h**3 + 22*h**2 - 2*h + 7. Let u be t(5). Suppose 16*d + 22382 = u*d. What are the prime factors of d?
2, 19
Let r = 814 - 235. Suppose r = 3*t - 2*w, -3*t = 2*t - w - 958. What are the prime factors of t?
191
Suppose -9*b - 45*b + 296435 = 7913. List the prime factors of b.
3, 13, 137
Let q be (-4 + 12)/2 - 4. Suppose 19*v + 15*v - 15062 = q. What are the prime factors of v?
443
Suppose -5*o = -l + 49302, 88*l + 98487 = 90*l + 3*o. List the prime factors of l.
3, 13, 421
Suppose -8*w + 114 = -1542. Suppose -56 = -u + w. List the prime factors of u.
263
Let z(m) be the third derivative of 149*m**5/20 + m**4/6 + m**3/6 - 45*m**2. What are the prime factors of z(2)?
3, 599
Let y be 10/1*8/20. Let a = y + 2. Let n = 43 + a. List the prime factors of n.
7
Let f(t) = -153*t**3 + t**2 - 12*t - 4. Let a be f(5). List the prime factors of a/(-18) + 2*(-1)/3.
2, 7, 19
Let t = -779 + 795. Let d(c) = c**3 - 14*c**2 - 16*c + 34. What are the prime factors of d(t)?
2, 5, 29
Let m(g) = 1665*g + 7013. What are the prime factors of m(30)?
56963
Suppose 5*l + 3*g - 43371 = 59955, -2*l + 3*g + 41301 = 0. What are the prime factors of l?
3, 71, 97
Suppose 36776 = 4*b + 5*x - 179053, 3*b - 4*x = 161833. What are the prime factors of b?
53951
Let j = 12 - 8. Suppose -3*a + 0*x + j*x = -887, a - 300 = -3*x. What are the prime factors of a?
3, 11
Suppose -5*v + b = 4, b - 8 = -b. Suppose 18*d - 26*d + 1240 = v. List the prime factors of d.
5, 31
Suppose 5*z - 25844 = 9786. Suppose 16580 + z = 18*x. What are the prime factors of x?
3, 439
Let q(a) = -4*a - 9. Let m be q(-11). Let u = -91 + m. List the prime factors of 4/(64/1070) + (-7)/u.
67
Suppose g - 3 = 0, -4*g - 259 = 4*v - g. Let l = v + 55. List the prime factors of l/20 - 32/10*-8.
5
Suppose 10*j + 257 = -543. Let z = j + 84. Suppose 0 = 8*q - 12*q + 2*c + 530, q + z*c - 137 = 0. What are the prime factors of q?
7, 19
What are the prime factors of 0/(-4 + 2) -